5573?
4
What is the tens digit of 91722741?
4
What is the hundred thousands digit of 994552730?
5
What is the ten thousands digit of 441492416?
9
What is the hundred thousands digit of 228610456?
6
What is the units digit of 94987730?
0
What is the millions digit of 49761288?
9
What is the thousands digit of 41082216?
2
What is the units digit of 925134296?
6
What is the hundred thousands digit of 2671790792?
7
What is the tens digit of 15801120?
2
What is the thousands digit of 78054738?
4
What is the hundred thousands digit of 243129186?
1
What is the thousands digit of 54056624?
6
What is the hundred thousands digit of 2906226964?
2
What is the millions digit of 1639489014?
9
What is the tens digit of 785273419?
1
What is the millions digit of 150858430?
0
What is the hundreds digit of 40446527?
5
What is the units digit of 162229316?
6
What is the millions digit of 31116489?
1
What is the tens digit of 101530311?
1
What is the millions digit of 52695550?
2
What is the ten millions digit of 42289101?
4
What is the ten millions digit of 7714394395?
1
What is the tens digit of 2784462143?
4
What is the thousands digit of 8372362137?
2
What is the hundred thousands digit of 289358766?
3
What is the units digit of 3699771292?
2
What is the units digit of 1170395409?
9
What is the tens digit of 858011781?
8
What is the millions digit of 920630385?
0
What is the ten thousands digit of 259331853?
3
What is the ten millions digit of 420450501?
2
What is the hundred thousands digit of 49618935?
6
What is the hundred thousands digit of 1850022399?
0
What is the tens digit of 2242730714?
1
What is the thousands digit of 189241704?
1
What is the units digit of 423884995?
5
What is the units digit of 19414973?
3
What is the units digit of 141669750?
0
What is the units digit of 51774267?
7
What is the hundreds digit of 105710292?
2
What is the units digit of 880922?
2
What is the tens digit of 95060971?
7
What is the hundreds digit of 68517648?
6
What is the units digit of 5473108?
8
What is the ten thousands digit of 117666196?
6
What is the millions digit of 309059749?
9
What is the hundreds digit of 219377638?
6
What is the units digit of 365108919?
9
What is the ten thousands digit of 431616294?
1
What is the tens digit of 210882?
8
What is the hundred thousands digit of 57695903?
6
What is the ten thousands digit of 389677557?
7
What is the millions digit of 2638068870?
8
What is the millions digit of 46114306?
6
What is the hundred thousands digit of 2661406218?
4
What is the ten millions digit of 21530374?
2
What is the hundred millions digit of 1186120520?
1
What is the hundreds digit of 3246315588?
5
What is the hundred thousands digit of 1179409544?
4
What is the tens digit of 337473315?
1
What is the hundred thousands digit of 199560060?
5
What is the thousands digit of 407501948?
1
What is the units digit of 187856362?
2
What is the millions digit of 20362533?
0
What is the units digit of 18161548?
8
What is the hundred thousands digit of 254121996?
1
What is the hundred thousands digit of 1463198?
4
What is the tens digit of 20326974?
7
What is the hundreds digit of 1656204630?
6
What is the units digit of 6194796964?
4
What is the hundred millions digit of 366898705?
3
What is the hundred thousands digit of 40110193?
1
What is the ten thousands digit of 947025409?
2
What is the ten millions digit of 36430264?
3
What is the thousands digit of 69392855?
2
What is the hundred millions digit of 2308824855?
3
What is the hundred thousands digit of 21832777?
8
What is the hundred thousands digit of 530960217?
9
What is the units digit of 127192748?
8
What is the millions digit of 7673702?
7
What is the millions digit of 122800218?
2
What is the hundreds digit of 27649665?
6
What is the tens digit of 1249155314?
1
What is the units digit of 68697362?
2
What is the ten thousands digit of 3234361751?
6
What is the hundred thousands digit of 7462718525?
7
What is the units digit of 6392376?
6
What is the hundreds digit of 5306057754?
7
What is the ten millions digit of 89019179?
8
What is the billions digit of 2123254261?
2
What is the tens digit of 20195969?
6
What is the thousands digit of 23810147?
0
What is the ten thousands digit of 1470690778?
9
What is the hundreds digit of 409855467?
4
What is the billions digit of 3848735672?
3
What is the tens digit of 226594746?
4
What is the ten thousands digit of 3315851283?
5
What is the millions digit of 647946289?
7
What is the tens digit of 4360665748?
4
What is the millions digit of 51140297?
1
What is the ten millions digit of 999839751?
9
What is the thousands digit of 2243375816?
5
What is the hundred thousands digit of 18436149?
4
What is the billions digit of 1799278712?
1
What is the ten thousands digit of 33055992?
5
What is the hundreds digit of 132917739?
7
What is the hundred thousands digit of 51137618?
1
What is the millions digit of 1916016724?
6
What is the hundreds digit of 1731962536?
5
What is the units digit of 1051566928?
8
What is the hundred thousands digit of 269001930?
0
What is the tens digit of 26879144?
4
What is the ten millions digit of 4334010761?
3
What is the tens digit of 8130254226?
2
What is the thousands digit of 77238129?
8
What is the ten millions digit of 39306251?
3
What is the hundred thousands digit of 2345150317?
1
What is the hundreds digit of 83111514?
5
What is the ten millions digit of 1450348897?
5
What is the millions digit of 1114433411?
4
What is the ten millions digit of 72824731?
7
What is the hundred millions digit of 815958254?
8
What is the hundreds digit of 70090089?
0
What is the ten millions digit of 575145889?
7
What is the tens digit of 42865639?
3
What is the units digit of 229609798?
8
What is the ten thousands digit of 99812588?
1
What is the tens digit of 785625675?
7
What is the millions digit of 4225634932?
5
What is the millions digit of 14987033?
4
What is the ten millions digit of 1070884346?
7
What is the millions digit of 42668089?
2
What is the millions digit of 523740788?
3
What is the thousands digit of 202264781?
4
What is the ten millions digit of 147382857?
4
What is the units digit of 383633307?
7
What is the thousands digit of 52541045?
1
What is the ten millions digit of 237219154?
3
What is the thousands digit of 1604908?
4
What is the hundreds digit of 16475553?
5
What is the tens digit of 68536857?
5
What is the thousands digit of 35621124?
1
What is the hundreds digit of 1887265539?
5
What is the ten millions digit of 49102922?
4
What is the hundreds digit of 1930975877?
8
What is the units digit of 35634584?
4
What is the ten millions digit of 1336408913?
3
What is the ten millions digit of 3295402252?
9
What is the units digit of 160161952?
2
What is the hundred millions digit of 974464926?
9
What is the units digit of 622265472?
2
What is the millions digit of 71635721?
1
What is the tens digit of 131865323?
2
What is the tens digit of 494477062?
6
What is the millions digit of 2167541050?
7
What is the millions digit of 18753503?
8
What is the hundred thousands digit of 91843434?
8
What is the ten thousands digit of 118283155?
8
What is the ten millions digit of 30044739?
3
What is the thousands digit of 469093088?
3
What is the units digit of 86826098?
8
What is the ten thousands digit of 280175790?
7
What is the hundred thousands digit of 1115964094?
9
What is the tens digit of 480423977?
7
What is the hundred millions digit of 1101053931?
1
What is the ten thousands digit of 21435728?
3
What is the units digit of 13984240?
0
What is the ten millions digit of 179641190?
7
What is the ten thousands digit of 80158313?
5
What is the thousands digit of 292491267?
1
What is the hundreds digit of 662422680?
6
What is the hundreds digit of 1670448236?
2
What is the hundreds digit of 6950680962?
9
What is the millions digit of 1909981436?
9
What is the ten thousands digit of 60203419?
0
What is the tens digit of 3014069212?
1
What is the hundred thousands digit of 1081929167?
9
What is the hundred millions digit of 420846079?
4
What is the hundred thousands digit of 158944541?
9
What is the units digit of 1011302427?
7
What is the ten millions digit of 28830405?
2
What is the units digit of 133699055?
5
What is t